visor of 29960 and 639367372?
2996
What is the highest common factor of 33440 and 181360?
80
Calculate the highest common divisor of 14323821 and 597.
597
What is the highest common divisor of 476 and 20004614?
238
What is the greatest common divisor of 43274 and 1056616?
22
Calculate the greatest common factor of 1767 and 15655031.
589
What is the highest common divisor of 1252782 and 1260?
18
Calculate the greatest common divisor of 35 and 89174225.
35
Calculate the highest common divisor of 2142 and 806225.
119
Calculate the greatest common factor of 90431152 and 3044.
3044
What is the highest common divisor of 97648 and 4760?
136
What is the greatest common divisor of 10356387 and 209?
19
Calculate the highest common divisor of 369262845 and 3997.
3997
Calculate the greatest common factor of 173166 and 46128.
186
What is the highest common factor of 532 and 28426109?
19
What is the highest common factor of 36977349 and 87?
87
Calculate the greatest common factor of 4234895 and 1505.
35
What is the greatest common divisor of 7752375 and 108?
27
What is the greatest common factor of 25930905 and 1040?
65
What is the highest common divisor of 209072 and 18177?
73
Calculate the greatest common factor of 7074 and 5999076.
54
Calculate the greatest common divisor of 4 and 925189.
1
What is the highest common divisor of 1584 and 1011153?
33
What is the greatest common divisor of 449514 and 57018?
1326
Calculate the highest common factor of 52034283 and 413.
413
Calculate the greatest common divisor of 37232 and 6970976.
2864
Calculate the greatest common factor of 96844 and 22738034.
1562
Calculate the greatest common divisor of 3857 and 69559.
133
Calculate the highest common divisor of 970 and 78739362.
194
What is the highest common divisor of 134420 and 357200?
940
Calculate the greatest common divisor of 5165499 and 4154.
2077
Calculate the highest common divisor of 4514341 and 13.
13
What is the greatest common divisor of 1032650 and 4750?
950
What is the highest common divisor of 5958 and 2056536?
18
What is the greatest common factor of 50800 and 84074?
254
What is the greatest common factor of 128315 and 3025?
55
What is the greatest common factor of 1755 and 19895?
5
What is the highest common divisor of 1931192735 and 730?
365
What is the greatest common divisor of 117308863 and 309?
103
Calculate the highest common divisor of 940 and 163954612.
188
What is the highest common factor of 434351 and 6695?
103
Calculate the highest common divisor of 19 and 860219813.
19
What is the highest common divisor of 9304607 and 260?
13
Calculate the greatest common divisor of 24 and 5354640.
24
What is the greatest common divisor of 10701558 and 70?
14
Calculate the highest common factor of 82134 and 15072096.
1014
Calculate the highest common divisor of 38900 and 416700.
100
What is the greatest common divisor of 38214792 and 396?
396
What is the highest common factor of 4307129 and 2375?
19
Calculate the greatest common factor of 54962723 and 37.
37
What is the greatest common divisor of 20475 and 156000?
975
What is the greatest common divisor of 1567221 and 8256?
129
What is the greatest common divisor of 4560 and 431870?
190
Calculate the greatest common divisor of 2585 and 301690.
5
What is the highest common divisor of 71956388 and 124212?
3764
What is the highest common factor of 8 and 2587608?
8
What is the greatest common divisor of 20587 and 234787?
119
What is the highest common factor of 1065 and 17273661?
213
Calculate the highest common divisor of 375719 and 718699.
1559
What is the highest common divisor of 244458 and 2646?
54
Calculate the greatest common factor of 2568579 and 132705.
2949
What is the greatest common divisor of 6396 and 9915604?
164
What is the highest common divisor of 13 and 59893535?
13
Calculate the greatest common divisor of 256 and 6627312.
16
What is the highest common factor of 3492 and 85554?
1746
Calculate the highest common divisor of 112 and 439432784.
112
Calculate the greatest common factor of 99 and 305098662.
33
What is the greatest common divisor of 2094 and 4213826?
698
What is the greatest common factor of 12506 and 44837?
13
Calculate the highest common divisor of 10562472 and 516.
12
What is the greatest common divisor of 1800374870 and 8582?
8582
Calculate the greatest common factor of 125277906 and 52.
26
What is the greatest common divisor of 2395293925 and 265?
265
What is the highest common divisor of 128390262 and 4004?
2002
Calculate the greatest common factor of 4697006 and 206.
206
Calculate the highest common divisor of 273465 and 603.
9
Calculate the highest common divisor of 4717251 and 69762.
231
What is the greatest common divisor of 16 and 2229904?
16
Calculate the greatest common divisor of 8115 and 259139.
541
Calculate the highest common divisor of 74 and 10700585.
37
What is the greatest common divisor of 104690538 and 999?
333
Calculate the greatest common factor of 895 and 7508155.
895
Calculate the greatest common factor of 59983900 and 909.
101
Calculate the greatest common divisor of 420 and 126776580.
420
Calculate the highest common divisor of 525 and 16341115.
35
Calculate the highest common divisor of 300 and 6258060.
60
What is the highest common divisor of 29 and 230799313?
29
What is the greatest common divisor of 330 and 777480330?
330
Calculate the greatest common factor of 37621 and 755089.
17
What is the greatest common divisor of 478 and 910351?
239
What is the greatest common factor of 38554110 and 1890?
1890
What is the highest common divisor of 1275 and 21558261?
51
What is the highest common factor of 216 and 272825199?
27
Calculate the greatest common factor of 40 and 5737000.
40
What is the greatest common factor of 1875 and 27798750?
1875
Calculate the greatest common divisor of 11503804 and 104.
52
Calculate the greatest common divisor of 189 and 2685321.
9
Calculate the highest common factor of 74 and 98482493.
37
Calculate the greatest common factor of 338877 and 6588.
27
Calculate the highest common divisor of 365510116 and 3628.
3628
Calculate the highest common factor of 31995015 and 435.
15
Calculate the greatest common factor of 216 and 751620.
12
Calculate the highest common divisor of 2612405371 and 2209.
2209
Calculate the highest common factor of 5400 and 985400.
200
Calculate the greatest common factor of 312 and 47778072.
24
What is the highest common factor of 439999 and 2713606?
1673
Calculate the highest common divisor of 55 and 5834690.
5
Calculate the greatest common divisor of 1529 and 8970434.
11
What is the highest common factor of 110918273 and 48553?
2111
What is the greatest common factor of 12996 and 286236?
36
Calculate the highest common factor of 5264 and 1415687.
329
What is the greatest common factor of 29104 and 242624?
272
Calculate the greatest common divisor of 6202 and 7159766.
886
Calculate the greatest common factor of 98775 and 898633.
439
What is the greatest common divisor of 19422 and 988299?
117
Calculate the highest common factor of 66 and 3817561.
11
What is the highest common divisor of 702138 and 576?
6
Calculate the highest common divisor of 20541 and 79212.
123
What is the highest common factor of 176276 and 6636?
4
What is the highest common divisor of 212 and 10220414?
106
Calculate the greatest common factor of 5704 and 7762592.
184
What is the greatest common factor of 8780508 and 29754?
1026
What is the highest common factor of 634359 and 155829?
1227
What is the highest common divisor of 1074 and 33644482?
358
What is the highest common factor of 647654 and 154?
14
What is the greatest common factor of 127348444 and 55301?
3253
Calculate the greatest common factor of 64 and 70958128.
16
What is the highest common divisor of 1966682 and 1030?
206
Calculate the highest common divisor of 37994 and 18062.
22
Calculate the highest common divisor of 29942616 and 4785.
957
Calculate the greatest common divisor of 725 and 8569025.
25
What is the greatest common divisor of 158684 and 388?
4
Calculate the greatest common factor of 309683 and 13211.
11
Calculate the greatest common factor of 506660 and 18620.
980
What is the highest common factor of 69204460 and 260?
260
Calculate the highest common divi